mainder when 2815935 is divided by 295.
160
Calculate the remainder when 14978794 is divided by 739.
3
What is the remainder when 848258 is divided by 44603?
801
Calculate the remainder when 3701665 is divided by 75544.
9
Calculate the remainder when 279608 is divided by 14249.
8877
Calculate the remainder when 8606214 is divided by 5030.
4914
Calculate the remainder when 8285003 is divided by 637307.
12
What is the remainder when 2800739 is divided by 125?
114
What is the remainder when 763131 is divided by 18595?
736
What is the remainder when 42213963 is divided by 120?
3
What is the remainder when 5402514 is divided by 184?
90
What is the remainder when 197199 is divided by 7884?
99
What is the remainder when 66862247 is divided by 10?
7
What is the remainder when 3039929 is divided by 679?
46
What is the remainder when 1257772 is divided by 416796?
7384
What is the remainder when 3921153 is divided by 35?
33
Calculate the remainder when 5266443 is divided by 5.
3
Calculate the remainder when 1152328 is divided by 241.
107
What is the remainder when 60600 is divided by 735?
330
What is the remainder when 250374 is divided by 3594?
2388
Calculate the remainder when 26637 is divided by 26536.
101
Calculate the remainder when 2840608 is divided by 5421.
4
What is the remainder when 299565 is divided by 10?
5
Calculate the remainder when 248276 is divided by 124104.
68
What is the remainder when 88067 is divided by 9776?
83
What is the remainder when 191336 is divided by 822?
632
Calculate the remainder when 26426477 is divided by 1899.
1892
What is the remainder when 7644205 is divided by 103?
60
Calculate the remainder when 1233254 is divided by 1233163.
91
What is the remainder when 10374 is divided by 3600?
3174
What is the remainder when 1287260 is divided by 184?
180
Calculate the remainder when 25212 is divided by 8351.
159
What is the remainder when 92280 is divided by 30634?
378
What is the remainder when 3708574 is divided by 887?
27
What is the remainder when 1359995 is divided by 3185?
0
What is the remainder when 4543878 is divided by 58?
42
Calculate the remainder when 39530 is divided by 13099.
233
What is the remainder when 54763295 is divided by 28?
27
Calculate the remainder when 50729246 is divided by 1419.
1415
What is the remainder when 292997522 is divided by 2723?
2722
Calculate the remainder when 19810760 is divided by 4952676.
56
What is the remainder when 7769039 is divided by 576?
527
Calculate the remainder when 334562 is divided by 12245.
3947
What is the remainder when 79385 is divided by 270?
5
Calculate the remainder when 3656621 is divided by 651.
605
What is the remainder when 204583 is divided by 25501?
575
What is the remainder when 723100 is divided by 7775?
25
Calculate the remainder when 3245335 is divided by 463617.
16
What is the remainder when 679206 is divided by 622?
604
What is the remainder when 99637 is divided by 2007?
1294
What is the remainder when 84634 is divided by 4909?
1181
What is the remainder when 2040255 is divided by 275?
30
Calculate the remainder when 24346 is divided by 6964.
3454
What is the remainder when 41136 is divided by 1469?
4
Calculate the remainder when 54039 is divided by 2945.
1029
What is the remainder when 31365 is divided by 571?
531
What is the remainder when 1883120 is divided by 4062?
2414
What is the remainder when 9596291 is divided by 587?
15
What is the remainder when 1112327624 is divided by 2175?
2174
Calculate the remainder when 826534931 is divided by 61.
59
Calculate the remainder when 177363 is divided by 500.
363
Calculate the remainder when 937029 is divided by 23.
9
What is the remainder when 141679 is divided by 811?
565
Calculate the remainder when 8946 is divided by 1368.
738
What is the remainder when 399300 is divided by 199620?
60
What is the remainder when 5347834 is divided by 8883?
268
Calculate the remainder when 51331526 is divided by 2851751.
8
Calculate the remainder when 243315 is divided by 3578.
11
Calculate the remainder when 241250 is divided by 136.
122
Calculate the remainder when 113526 is divided by 112778.
748
Calculate the remainder when 1260926 is divided by 379.
372
What is the remainder when 2777655 is divided by 4014?
3981
Calculate the remainder when 39917707 is divided by 4.
3
What is the remainder when 589098 is divided by 4789?
51
What is the remainder when 443960809 is divided by 46?
43
Calculate the remainder when 1010754 is divided by 4576.
4034
What is the remainder when 2790767 is divided by 29070?
47
Calculate the remainder when 4129662 is divided by 229424.
30
What is the remainder when 4483043 is divided by 61?
31
Calculate the remainder when 612001 is divided by 4896.
1
What is the remainder when 866898 is divided by 20?
18
What is the remainder when 372268 is divided by 4386?
3844
Calculate the remainder when 6996617 is divided by 155472.
377
Calculate the remainder when 9060530 is divided by 120807.
5
Calculate the remainder when 247348305 is divided by 57.
54
What is the remainder when 86893 is divided by 21632?
365
What is the remainder when 5278075 is divided by 13?
10
Calculate the remainder when 91876927 is divided by 9152.
9151
What is the remainder when 1532438 is divided by 6549?
6521
What is the remainder when 107275054 is divided by 1969?
1965
What is the remainder when 58628 is divided by 786?
464
Calculate the remainder when 721516 is divided by 8502.
7348
Calculate the remainder when 427752 is divided by 455.
52
What is the remainder when 152172896 is divided by 60?
56
What is the remainder when 1239726244 is divided by 1201?
1200
Calculate the remainder when 2747539 is divided by 686792.
371
What is the remainder when 3190475 is divided by 179?
158
What is the remainder when 12220 is divided by 10?
0
What is the remainder when 492356 is divided by 23429?
347
What is the remainder when 854900 is divided by 213696?
116
Calculate the remainder when 121025 is divided by 1753.
68
What is the remainder when 1127926 is divided by 1676?
1654
What is the remainder when 18731137 is divided by 1560928?
1
What is the remainder when 687646 is divided by 686931?
715
What is the remainder when 33507 is divided by 856?
123
What is the remainder when 6134441 is divided by 1031?
1022
Calculate the remainder when 22012691 is divided by 278641.
52
Calculate the remainder when 73448 is divided by 7936.
2024
Calculate the remainder when 136983 is divided by 237.
234
What is the remainder when 2923648 is divided by 45?
43
Calculate the remainder when 324850343 is divided by 1288.
1287
Calculate the remainder when 3126341 is divided by 7.
1
Calculate the remainder when 53737654 is divided by 34.
8
What is the remainder when 276021 is divided by 5524?
5345
What is the remainder when 2110363 is divided by 121?
2
Calculate the remainder when 109261 is divided by 21849.
16
Calculate the remainder when 3575590 is divided by 1263.
37
What is the remainder when 4020671 is divided by 59?
57
What is the remainder when 84171 is divided by 3116?
39
Calculate the remainder when 78485177 is divided by 169.
56
Calculate the remainder when 1378596 is divided by 333.
309
What is the remainder when 20451 is divided by 4022?
341
Calculate the remainder when 3954949 is divided by 181.
99
What is the remainder when 171227 is divided by 34228?
87
What is the remainder when 1179022 is divided by 262?
22
What is the remainder when 2416246 is divided by 1626?
10
What is the remainder when 330424 is divided by 19385?
879
What is the remainder when 289876 is divided by 41392?
132
Calculate the remainder when 313663 is divided by 156609.
445
What is the remainder when 273344 is divided by 3427?
2611
Calculate the remainder when 1419944 is divided by 182.
162
What is the remainder when 865987 is divided by 265?
232
What is the remainder when 11020257 is divided by 1001823?
204
What is the remainder when 4981241 is divided by 841?
839
Calculate the remainder when 38632 is divided by 2135.
202
What is the remainder when 893863 is divided by 150?
13
What is the remainder when 513598 is divided by 15809?
7710
What is the remainder when 568300 is divided by 948?
448
Calculate the remainder when 8214561 is divided by 5638.
5633
Calculate the remai